{"id":3753,"date":"2021-10-12T19:24:32","date_gmt":"2021-10-12T17:24:32","guid":{"rendered":"https:\/\/portfolio.radom.pl\/wordpressy\/Misterkanister.pl\/?post_type=product&#038;p=3753"},"modified":"2022-02-08T14:35:13","modified_gmt":"2022-02-08T13:35:13","slug":"zestaw-mocowanie-2x20-l-kanistry","status":"publish","type":"product","link":"https:\/\/portfolio.radom.pl\/wordpressy\/Misterkanister.pl\/produkt\/zestaw-mocowanie-2x20-l-kanistry\/","title":{"rendered":"Zestaw mocowanie 2&#215;20 l + kanistry"},"content":{"rendered":"","protected":false},"excerpt":{"rendered":"<div class=\"mp4t_16_s mryx_16_s mr3m_1 mli2_1 mh85_56 mh85_0_l\">\n<div class=\"mgn2_16 _0d3bd_5pK0q\">\n<p>Uniwersalne podw\u00f3jne mocowanie kanistr\u00f3w 20 litrowych<\/p>\n<p>Spos\u00f3b zamkni\u0119cia &#8211; k\u0142\u00f3dka<\/p>\n<p>Wykonane ze stali<\/p>\n<p>Malowane proszkowo<\/p>\n<p>Szybki monta\u017c\u00a0 do dowolnej p\u0142askiej powierzchni<\/p>\n<p>Nie wymaga wiercenia.<\/p>\n<p>Waga z kanistrami 16kg<\/p>\n<p>Wymiary 50x40x40<\/p>\n<p>W komplecie z uchwytem kanistry 20 litrowe\u00a0 2 sztuki<\/p>\n<\/div>\n<\/div>\n","protected":false},"featured_media":3666,"comment_status":"open","ping_status":"closed","template":"","meta":[],"product_cat":[71],"product_tag":[],"class_list":["post-3753","product","type-product","status-publish","has-post-thumbnail","hentry","product_cat-akcesoria"],"jetpack-related-posts":[{"id":3663,"url":"https:\/\/portfolio.radom.pl\/wordpressy\/Misterkanister.pl\/produkt\/mocowanie-kanistrow-2x20l\/","url_meta":{"origin":3753,"position":0},"title":"Mocowanie Kanistr\u00f3w 2x20L","author":"Admin","date":"13 wrze\u015bnia 2021","format":false,"excerpt":"Uniwersalne podw\u00f3jne mocowanie kanistr\u00f3w 20 litrowych Spos\u00f3b zamkni\u0119cia - k\u0142\u00f3dka Wykonane ze stali Malowane proszkowo Szybki monta\u017c\u00a0 do dowolnej p\u0142askiej powierzchni Nie wymaga wiercenia. Waga 6 kg Wymiar:50x40x40 \u00a0","rel":"","context":"Similar post","block_context":{"text":"Similar post","link":""},"img":{"alt_text":"mocowanie 2x20l","src":"https:\/\/i0.wp.com\/portfolio.radom.pl\/wordpressy\/Misterkanister.pl\/wp-content\/uploads\/2021\/09\/19.jpg?resize=350%2C200&ssl=1","width":350,"height":200,"srcset":"https:\/\/i0.wp.com\/portfolio.radom.pl\/wordpressy\/Misterkanister.pl\/wp-content\/uploads\/2021\/09\/19.jpg?resize=350%2C200&ssl=1 1x, https:\/\/i0.wp.com\/portfolio.radom.pl\/wordpressy\/Misterkanister.pl\/wp-content\/uploads\/2021\/09\/19.jpg?resize=525%2C300&ssl=1 1.5x, https:\/\/i0.wp.com\/portfolio.radom.pl\/wordpressy\/Misterkanister.pl\/wp-content\/uploads\/2021\/09\/19.jpg?resize=700%2C400&ssl=1 2x, https:\/\/i0.wp.com\/portfolio.radom.pl\/wordpressy\/Misterkanister.pl\/wp-content\/uploads\/2021\/09\/19.jpg?resize=1050%2C600&ssl=1 3x, https:\/\/i0.wp.com\/portfolio.radom.pl\/wordpressy\/Misterkanister.pl\/wp-content\/uploads\/2021\/09\/19.jpg?resize=1400%2C800&ssl=1 4x"},"classes":[]}],"_links":{"self":[{"href":"https:\/\/portfolio.radom.pl\/wordpressy\/Misterkanister.pl\/wp-json\/wp\/v2\/product\/3753","targetHints":{"allow":["GET"]}}],"collection":[{"href":"https:\/\/portfolio.radom.pl\/wordpressy\/Misterkanister.pl\/wp-json\/wp\/v2\/product"}],"about":[{"href":"https:\/\/portfolio.radom.pl\/wordpressy\/Misterkanister.pl\/wp-json\/wp\/v2\/types\/product"}],"replies":[{"embeddable":true,"href":"https:\/\/portfolio.radom.pl\/wordpressy\/Misterkanister.pl\/wp-json\/wp\/v2\/comments?post=3753"}],"wp:featuredmedia":[{"embeddable":true,"href":"https:\/\/portfolio.radom.pl\/wordpressy\/Misterkanister.pl\/wp-json\/wp\/v2\/media\/3666"}],"wp:attachment":[{"href":"https:\/\/portfolio.radom.pl\/wordpressy\/Misterkanister.pl\/wp-json\/wp\/v2\/media?parent=3753"}],"wp:term":[{"taxonomy":"product_cat","embeddable":true,"href":"https:\/\/portfolio.radom.pl\/wordpressy\/Misterkanister.pl\/wp-json\/wp\/v2\/product_cat?post=3753"},{"taxonomy":"product_tag","embeddable":true,"href":"https:\/\/portfolio.radom.pl\/wordpressy\/Misterkanister.pl\/wp-json\/wp\/v2\/product_tag?post=3753"}],"curies":[{"name":"wp","href":"https:\/\/api.w.org\/{rel}","templated":true}]}}