{"id":3721,"date":"2021-09-27T13:13:07","date_gmt":"2021-09-27T11:13:07","guid":{"rendered":"https:\/\/portfolio.radom.pl\/wordpressy\/Misterkanister.pl\/?post_type=product&#038;p=3721"},"modified":"2022-02-25T23:53:49","modified_gmt":"2022-02-25T22:53:49","slug":"kanister-20l-metalowy","status":"publish","type":"product","link":"https:\/\/portfolio.radom.pl\/wordpressy\/Misterkanister.pl\/produkt\/kanister-20l-metalowy\/","title":{"rendered":"Kanister 20l metalowy"},"content":{"rendered":"<div class=\"elementor-column elementor-col-50 elementor-inner-column elementor-element elementor-element-073acaf\" data-id=\"073acaf\" data-element_type=\"column\" data-settings=\"{&quot;background_background&quot;:&quot;classic&quot;}\">\n<div class=\"elementor-column-wrap elementor-element-populated\">\n<div class=\"elementor-widget-wrap\">\n<div class=\"elementor-element elementor-element-82f1247 elementor-widget elementor-widget-heading\" data-id=\"82f1247\" data-element_type=\"widget\" data-widget_type=\"heading.default\">\n<div class=\"elementor-widget-container\">\n<h1 class=\"elementor-heading-title elementor-size-default\">Stalowy kanister 20L<\/h1>\n<\/div>\n<\/div>\n<div class=\"elementor-element elementor-element-65bd857 elementor-widget elementor-widget-text-editor\" data-id=\"65bd857\" data-element_type=\"widget\" data-widget_type=\"text-editor.default\">\n<div class=\"elementor-widget-container\">\n<div class=\"elementor-text-editor elementor-clearfix\">\n<p>Model 20 litrowy z rodziny kanistr\u00f3w stalowych, to produkt dla wymagaj\u0105cych. Kanister 20 litrowy, ze wzgl\u0119du na gabaryty, wyposa\u017cono w potr\u00f3jny uchwyt umo\u017cliwiaj\u0105cy przenoszenie w jedn\u0105 lub dwie osoby. Zamkni\u0119cie bagnetowe zapewnia szczelno\u015b\u0107 oraz niweluje przedostawanie si\u0119 zapach\u00f3w. Zabezpieczony wewn\u0105trz przed rdz\u0105 oraz zepsuciem zawarto\u015bci. Niezawodny podczas wypraw po bezdro\u017cach, odporny na uszkodzenia i przede wszystkim trwa\u0142y.<br \/>\nWymiary 468x345x165 mm.<\/p>\n<\/div>\n<\/div>\n<\/div>\n<\/div>\n<\/div>\n<\/div>\n","protected":false},"excerpt":{"rendered":"<p>Stalowy kanister 20L Model 20 litrowy z rodziny kanistr\u00f3w stalowych, to produkt dla wymagaj\u0105cych. Kanister 20 litrowy, ze wzgl\u0119du na gabaryty, wyposa\u017cono w potr\u00f3jny uchwyt umo\u017cliwiaj\u0105cy przenoszenie w jedn\u0105 lub dwie osoby. Zamkni\u0119cie bagnetowe zapewnia szczelno\u015b\u0107 oraz niweluje przedostawanie si\u0119 zapach\u00f3w. Zabezpieczony wewn\u0105trz przed rdz\u0105 oraz zepsuciem zawarto\u015bci. Niezawodny podczas wypraw po bezdro\u017cach, odporny na [&hellip;]<\/p>\n","protected":false},"featured_media":3723,"comment_status":"open","ping_status":"closed","template":"","meta":[],"product_cat":[70],"product_tag":[],"class_list":["post-3721","product","type-product","status-publish","has-post-thumbnail","hentry","product_cat-kanistry"],"jetpack-related-posts":[],"_links":{"self":[{"href":"https:\/\/portfolio.radom.pl\/wordpressy\/Misterkanister.pl\/wp-json\/wp\/v2\/product\/3721","targetHints":{"allow":["GET"]}}],"collection":[{"href":"https:\/\/portfolio.radom.pl\/wordpressy\/Misterkanister.pl\/wp-json\/wp\/v2\/product"}],"about":[{"href":"https:\/\/portfolio.radom.pl\/wordpressy\/Misterkanister.pl\/wp-json\/wp\/v2\/types\/product"}],"replies":[{"embeddable":true,"href":"https:\/\/portfolio.radom.pl\/wordpressy\/Misterkanister.pl\/wp-json\/wp\/v2\/comments?post=3721"}],"wp:featuredmedia":[{"embeddable":true,"href":"https:\/\/portfolio.radom.pl\/wordpressy\/Misterkanister.pl\/wp-json\/wp\/v2\/media\/3723"}],"wp:attachment":[{"href":"https:\/\/portfolio.radom.pl\/wordpressy\/Misterkanister.pl\/wp-json\/wp\/v2\/media?parent=3721"}],"wp:term":[{"taxonomy":"product_cat","embeddable":true,"href":"https:\/\/portfolio.radom.pl\/wordpressy\/Misterkanister.pl\/wp-json\/wp\/v2\/product_cat?post=3721"},{"taxonomy":"product_tag","embeddable":true,"href":"https:\/\/portfolio.radom.pl\/wordpressy\/Misterkanister.pl\/wp-json\/wp\/v2\/product_tag?post=3721"}],"curies":[{"name":"wp","href":"https:\/\/api.w.org\/{rel}","templated":true}]}}