{"id":3663,"date":"2021-09-13T22:48:27","date_gmt":"2021-09-13T20:48:27","guid":{"rendered":"https:\/\/portfolio.radom.pl\/wordpressy\/Misterkanister.pl\/?post_type=product&#038;p=3663"},"modified":"2021-10-12T19:34:36","modified_gmt":"2021-10-12T17:34:36","slug":"mocowanie-kanistrow-2x20l","status":"publish","type":"product","link":"https:\/\/portfolio.radom.pl\/wordpressy\/Misterkanister.pl\/produkt\/mocowanie-kanistrow-2x20l\/","title":{"rendered":"Mocowanie Kanistr\u00f3w 2x20L"},"content":{"rendered":"<p>&nbsp;<\/p>\n<div class=\"_1voj4 _z9prt _1xzdi _ai5yc _5d6n2 _15lj1\">\n<div class=\"_2d49e_5pK0q\">\n<p>&nbsp;<\/p>\n<\/div>\n<\/div>\n","protected":false},"excerpt":{"rendered":"<p>Uniwersalne podw\u00f3jne mocowanie kanistr\u00f3w 20 litrowych<\/p>\n<p>Spos\u00f3b zamkni\u0119cia &#8211; k\u0142\u00f3dka<\/p>\n<p>Wykonane ze stali<\/p>\n<p>Malowane proszkowo<\/p>\n<p>Szybki monta\u017c\u00a0 do dowolnej p\u0142askiej powierzchni<\/p>\n<p>Nie wymaga wiercenia.<\/p>\n<p>Waga 6 kg<\/p>\n<p>Wymiar:50x40x40<\/p>\n<p>&nbsp;<\/p>\n","protected":false},"featured_media":3665,"comment_status":"open","ping_status":"closed","template":"","meta":[],"product_cat":[71],"product_tag":[],"class_list":["post-3663","product","type-product","status-publish","has-post-thumbnail","hentry","product_cat-akcesoria"],"jetpack-related-posts":[{"id":3753,"url":"https:\/\/portfolio.radom.pl\/wordpressy\/Misterkanister.pl\/produkt\/zestaw-mocowanie-2x20-l-kanistry\/","url_meta":{"origin":3663,"position":0},"title":"Zestaw mocowanie 2&#215;20 l + kanistry","author":"Admin","date":"12 pa\u017adziernika 2021","format":false,"excerpt":"Uniwersalne podw\u00f3jne mocowanie kanistr\u00f3w 20 litrowych Spos\u00f3b zamkni\u0119cia - k\u0142\u00f3dka Wykonane ze stali Malowane proszkowo Szybki monta\u017c\u00a0 do dowolnej p\u0142askiej powierzchni Nie wymaga wiercenia. Waga z kanistrami 16kg Wymiary 50x40x40 W komplecie z uchwytem kanistry 20 litrowe\u00a0 2 sztuki","rel":"","context":"Similar post","block_context":{"text":"Similar post","link":""},"img":{"alt_text":"","src":"https:\/\/i0.wp.com\/portfolio.radom.pl\/wordpressy\/Misterkanister.pl\/wp-content\/uploads\/2021\/09\/2x20l-ral-6003.jpg?resize=350%2C200&ssl=1","width":350,"height":200,"srcset":"https:\/\/i0.wp.com\/portfolio.radom.pl\/wordpressy\/Misterkanister.pl\/wp-content\/uploads\/2021\/09\/2x20l-ral-6003.jpg?resize=350%2C200&ssl=1 1x, https:\/\/i0.wp.com\/portfolio.radom.pl\/wordpressy\/Misterkanister.pl\/wp-content\/uploads\/2021\/09\/2x20l-ral-6003.jpg?resize=525%2C300&ssl=1 1.5x, https:\/\/i0.wp.com\/portfolio.radom.pl\/wordpressy\/Misterkanister.pl\/wp-content\/uploads\/2021\/09\/2x20l-ral-6003.jpg?resize=700%2C400&ssl=1 2x"},"classes":[]}],"_links":{"self":[{"href":"https:\/\/portfolio.radom.pl\/wordpressy\/Misterkanister.pl\/wp-json\/wp\/v2\/product\/3663","targetHints":{"allow":["GET"]}}],"collection":[{"href":"https:\/\/portfolio.radom.pl\/wordpressy\/Misterkanister.pl\/wp-json\/wp\/v2\/product"}],"about":[{"href":"https:\/\/portfolio.radom.pl\/wordpressy\/Misterkanister.pl\/wp-json\/wp\/v2\/types\/product"}],"replies":[{"embeddable":true,"href":"https:\/\/portfolio.radom.pl\/wordpressy\/Misterkanister.pl\/wp-json\/wp\/v2\/comments?post=3663"}],"wp:featuredmedia":[{"embeddable":true,"href":"https:\/\/portfolio.radom.pl\/wordpressy\/Misterkanister.pl\/wp-json\/wp\/v2\/media\/3665"}],"wp:attachment":[{"href":"https:\/\/portfolio.radom.pl\/wordpressy\/Misterkanister.pl\/wp-json\/wp\/v2\/media?parent=3663"}],"wp:term":[{"taxonomy":"product_cat","embeddable":true,"href":"https:\/\/portfolio.radom.pl\/wordpressy\/Misterkanister.pl\/wp-json\/wp\/v2\/product_cat?post=3663"},{"taxonomy":"product_tag","embeddable":true,"href":"https:\/\/portfolio.radom.pl\/wordpressy\/Misterkanister.pl\/wp-json\/wp\/v2\/product_tag?post=3663"}],"curies":[{"name":"wp","href":"https:\/\/api.w.org\/{rel}","templated":true}]}}